3*j + 186 = -15*v + 17*v, -5*j - 376 = -4*v. Suppose -n - 1183 = -5*m - v, n = -m + 212. What is the hundreds digit of m?
2
Let i be 1*2*(-715)/26. Let v = i + 59. Suppose 0 = 4*f + v*f - 992. What is the units digit of f?
4
Suppose -3*s - 2*r = -6, -6 = -s - 2*s - 3*r. Suppose -z = 7*x - s*x - 309, -z + 5*x + 259 = 0. What is the hundreds digit of z?
2
Suppose c = q - 484, -2*c - 3*q = q + 968. What is the tens digit of (c/5 - -2)/((-6)/15)?
3
Suppose -r = -5*c - 6595, 4*c + 4848 = r - 1752. What is the thousands digit of r?
6
Suppose 5*f + 4884 = 34474. What is the hundreds digit of f?
9
Let g = -229 - -238. Suppose -2 = -z, g*x - 6*x - 66 = 3*z. What is the units digit of x?
4
Suppose -27 = -9*t + 6*t. Suppose 2*a + t*a = 11418. What is the thousands digit of a?
1
Suppose -2*h - h - 13 = -2*f, -3*f = -2*h - 12. Let r(a) = 52*a**2 + 2*a - 9. What is the hundreds digit of r(f)?
2
Suppose 4*f = -2*f - 2772. Let h = 848 + f. What is the tens digit of h?
8
Let w(x) = 23*x**2 + 84*x - 500. What is the hundreds digit of w(-37)?
8
Let m(u) = -8*u**3 - 31*u**2 - 11*u + 26. Let k(f) = -7*f**3 - 29*f**2 - 10*f + 28. Let s(b) = 7*k(b) - 6*m(b). What is the tens digit of s(-19)?
3
Let a be (4/(-10))/(-3 + 268/90). Let o = -1265 - -605. What is the units digit of (26 - -1)*(o/a)/(-11)?
0
What is the thousands digit of -10 - (-58)/(12 + 51690/(-4308))?
1
Let y(d) = -d**3 + 24*d**2 + 26*d - 25. Let t be y(25). Suppose t = -8*m + 830 + 2042. What is the hundreds digit of m?
3
Let p(z) = -64*z + 74. Let h = -135 - -127. What is the tens digit of p(h)?
8
Let x = 6855 + 4234. What is the hundreds digit of x?
0
Let t(l) = -l**2 + 20*l - 19. Let o be t(16). Let f be o/9 + -2 + 1. Suppose f*r - 96 = -4*r. What is the units digit of r?
2
Let s(w) = -31*w**3 + 16*w**2 + 29*w + 6. What is the tens digit of s(-7)?
2
Let r(p) = -3*p**2 + 33*p - 126 + 2*p**2 + 244 - 114. What is the units digit of r(19)?
0
Let p(j) = -2*j - 5. Let k be p(-4). Suppose 0 = 5*l - h - 21, -k*l + 2*h = -5*l + 6. Suppose -63 = -x - 5*n, -27 = x - 2*x + l*n. What is the units digit of x?
3
Let w(d) = 3624*d + 1109. What is the tens digit of w(7)?
7
Suppose -11*v - v = -4080. Let g = 868 - v. What is the units digit of g?
8
Suppose 3 = 7*n - 18. Suppose 3*i = -0*g - 3*g + 951, -n*g = -i + 301. What is the tens digit of i?
1
Let o = 94 + -85. Suppose 0 = 3*r - 3*u - o, u - 22 = -r - 3*r. Suppose -w + r*w - 2*s = 878, 4*s + 12 = 0. What is the units digit of w?
8
Let t be (-1)/((-6)/291) - (-15)/(-10). Suppose -n + 267 = -t. Let z = n + -197. What is the hundreds digit of z?
1
Suppose 2453 = z + 1351. What is the tens digit of (-1 + 131)/(116/z)?
3
Suppose -b = 5, -l + 2*b = b + 206. Let y = 427 + l. What is the tens digit of y?
1
Let b(r) be the first derivative of -77*r**2/2 - 2. Let l = 3435 + -3437. What is the tens digit of b(l)?
5
Let x be ((-1)/2)/((-4)/(-8)). Let q be 0 - -2 - x - -102. Suppose -5*c + q = 3*z, 2*c + z + 0 = 42. What is the units digit of c?
1
Let i be (-31214)/(-10) + (-3)/(-5). Suppose -5*n - z + i = 643, 4*n - 2*z - 1986 = 0. What is the tens digit of n?
9
Let g = 2485 + -2314. Let x = -44 + 110. Let t = g - x. What is the hundreds digit of t?
1
Let p(x) = x**3 + 23*x**2 + 41*x - 15. Let d be p(-23). Let k = -768 - d. What is the units digit of k?
0
Let u = -1194 - -2282. Let y = u + -687. Let t = 568 - y. What is the tens digit of t?
6
Suppose 4*a - 13 = 5*b, a + 2*a - 2*b - 15 = 0. Suppose -a*m + 1023 + 650 = 0. Let k = m - 107. What is the units digit of k?
2
Let m(r) = 2*r**3 - 13*r**2 + 33*r + 9. Let g(q) = -2*q**3 + 13*q**2 - 35*q - 10. Let v(s) = 3*g(s) + 4*m(s). What is the units digit of v(8)?
4
Let r = 209 - 28. Let i = -71 + r. What is the tens digit of i?
1
Let t = 6156 + -8983. Let i = t + 4005. What is the hundreds digit of i?
1
Let x = -6524 + 34936. What is the ten thousands digit of x?
2
Let m be 7361/8 + 1/(-8). Suppose -n - n + 917 = -5*f, -2*n + 4*f = -m. Let s = n - 221. What is the units digit of s?
5
Let x(h) = 20*h - 57. Let n(j) = -39*j + 117. Let m(w) = -4*n(w) - 9*x(w). What is the units digit of m(-5)?
5
Let i(v) = -2*v**3 + 15*v**2 + 8*v + 2. Let y be 458/8 - (-9)/12. Let t = y + -51. What is the units digit of i(t)?
7
Suppose 51217 = 89*r - 88*r. What is the hundreds digit of r?
2
Suppose -3*u + 14 - 86 = -3*o, -3*u = 4*o - 103. Suppose -o*s = -26*s + 1475. What is the units digit of s?
5
Let g = -81 + 83. Suppose 2*r = -5*k + g*k + 86, 4*r = k + 172. Let h = r + 121. What is the tens digit of h?
6
Let v = -183 + 394. Let k = 5 + v. What is the units digit of k?
6
Let o = 69 - 170. Let k = 4 - o. What is the hundreds digit of k?
1
Let t = -335 - -323. What is the tens digit of (-2304)/(-63) - t/(-21)?
3
Let z = -338 - -380. What is the units digit of 187 + z/(1 + 5)?
4
Let b = -68 - -67. What is the hundreds digit of 63878/266 - b*2/(-14)?
2
Let g = 154405 + -95159. What is the units digit of g?
6
Suppose 211093 = 59*n - 610423. What is the thousands digit of n?
3
What is the units digit of (-7 - (-1146)/(-12))*((-2926)/35 - -2)?
4
Let b = -4310 + 6430. Suppose -p = -5*f + b, 4*f + 313 - 2009 = -4*p. What is the hundreds digit of f?
4
Let p(q) = 539*q**3 + 40*q**2 - 132*q + 6. What is the ten thousands digit of p(3)?
1
Let m(t) = t**3 + 19*t**2 + 16. Suppose 4*g = 5*p + 83, -3*p + 4*g = g + 48. Let c be m(p). What is the hundreds digit of 26/208 + 2222/c?
1
Suppose -12*o + 7125 + 10203 = 0. Suppose 2*n - 138 = r + 162, -5*r - 4*n = o. Let t = r + 417. What is the hundreds digit of t?
1
Let y(d) = -7411*d - 262. What is the thousands digit of y(-3)?
1
Let w(q) = -148*q - 9. Suppose -2*j = -t - 2, 5*t - 3*j = j - 10. Let s be w(t). Suppose 6*y = s + 451. What is the hundreds digit of y?
1
Let d = -42 - -46. Suppose 3*u + 8 = 5*i, 0 = -d*i + u + 6 + 6. Let q(g) = 4*g**2 - 2*g + 8. What is the tens digit of q(i)?
6
Suppose 0 = -18*x + 8*x + 100. Suppose 3*r - r = x, m - 5*r = -15. What is the tens digit of (-4)/(-10) - (-26)/m - -134?
3
Suppose -3*i = -2*h - 2022, 2 = 2*h - 4. Suppose 3*t - 5*n - 684 - i = 0, -n - 1819 = -4*t. Suppose 4*x - t = -167. What is the units digit of x?
2
Let m(v) = v**2 + 3*v - 16. Let i be m(-6). Suppose -2*n = -f - i*f - 460, f - 920 = -4*n. What is the units digit of n?
0
Let f = 25 + -31. Let d be ((-3)/2)/(f/8). Suppose -2*q + 34 = 2*u - 6*u, -3*u = -d*q + 35. What is the units digit of q?
9
Let d = 6923 - 3334. What is the hundreds digit of d?
5
Let b be 401 + -5 - (-6 - 0/(-9)). Suppose 27 = 5*y + 2. Suppose -y*k + 4*r = -507, -4*r - r - b = -4*k. What is the hundreds digit of k?
1
Let c = -20084 - -40232. What is the units digit of c?
8
Let b = 665 - -509. What is the hundreds digit of b?
1
Let q(v) = v**3 - 10*v**2 - 8*v - 25. Let l be q(11). Let r(n) = -n**2 + 9*n - 37. Let o be r(l). Let u = 16 - o. What is the units digit of u?
5
Suppose 15250 + 20192 = 9*g. What is the tens digit of g?
3
Suppose 3*s = 0, -14*u - 5*s = -19*u - 2*s + 40495. What is the tens digit of u?
9
Let y(j) = j**3 - 5*j**2 - 6*j - 7. Suppose -5*h = 3*s - 42, -5*h + s - 2*s = -44. Let g be y(h). Suppose 5*f - g = 172. What is the units digit of f?
7
Let y = -15964 - -32588. What is the units digit of y?
4
Suppose -3*r + 69 = -2*s + 16, -100 = -5*r + s. Let m(b) = 11*b + 158. What is the hundreds digit of m(r)?
3
Let s be 652 - (-6)/6*-7. What is the tens digit of 2 + s + (0 - -6)?
5
What is the units digit of 16/(-88) - (-1 - 382852/44)?
2
Let x(r) = 3*r**2 + 10*r**2 - 21*r**2 - 102 - 26*r + 11*r**2. What is the tens digit of x(22)?
7
Let d(g) = -g**2 + g - 4. Let r(u) = u**3 + 8*u**2 - 3*u + 1260. Let p(x) = 6*d(x) + r(x). What is the units digit of p(0)?
6
Let o = 380 + -375. Suppose -3311 = -5*f - l, -5*f - o*l + 3308 = -7*l. What is the hundreds digit of f?
6
Let p = 5387 + -5133. What is the units digit of p?
4
Let j = -35 + 1643. Let q = j + -845. What is the hundreds digit of q?
7
Let y(o) = 26*o + 44. Let n(c) = -7*c - 1. Let k be n(-2). What is the hundreds digit of y(k)?
3
What is the thousands digit of (-17 - -2147)*(5 + 135/25)?
2
Let l = -3904 + 12912. What is the thousands digit of l?
9
Suppose 139*f - 12232371 + 2478880 = 0. What is the thousands digit of f?
0
Suppose -198 = 9*a - 12*a. Suppose 0 = 64*v - a*v + 68